9. Calculate the remainder when 125 is divided by i.
9
Suppose 2*q = 5*q, 0 = -d - 4*q - 197. Let c = 430 + d. Calculate the remainder when c is divided by 18.
17
Calculate the remainder when -4 + (-372)/(-744)*(0 + 1420)/2 is divided by 126.
99
Suppose 936 = 16*t - 14*t - 3*o, 4*t = 5*o + 1868. Calculate the remainder when t is divided by 116.
114
Let z = 120 + -30. Let k = -94 + z. Calculate the remainder when 2/k + ((-8778)/(-12))/11 is divided by 14.
10
Suppose 5*r = 90 + 85. Let h = -34470 + 34714. What is the remainder when h is divided by r?
34
Suppose 2*y - 42 = 3*w, 0*y - 56 = -2*y - 4*w. What is the remainder when 1080/1512*21/(-2)*(-76)/6 is divided by y?
23
Suppose 16*b - 2*b = 238. Suppose 7*z = b*z - 600. Calculate the remainder when z is divided by 25.
10
Suppose 2*v + 33 - 43 = 0. Suppose v*f - 53 + 98 = 0. Calculate the remainder when 56 is divided by 0 + (32 - f/(-3)).
27
Let m = -487 + 808. Calculate the remainder when m is divided by (-9)/(18/(-52)) - -1.
24
Suppose -10374 = -111*l - 2382. Calculate the remainder when l is divided by 49.
23
Let o(s) = -s**2 + 2*s - 7. Let x be o(-6). Let m(h) = 2*h**3 - 15*h**2 + 11*h - 9. What is the remainder when (-4*x/(-2))/(-2) is divided by m(7)?
17
Suppose -457*w - 5334 = -471*w. Calculate the remainder when w is divided by 128.
125
Let y = -157 - -241. Suppose 0 = -187*o + 180*o + y. Calculate the remainder when 451 is divided by o.
7
Calculate the remainder when 2159 is divided by (4/46 - (-129528)/6440) + (-6)/5.
12
Let r(t) = 17*t**3 + t**2 - t + 1. Calculate the remainder when (1372/20)/1 + (-51)/85 is divided by r(1).
14
Let g(x) = -123*x + 1913. Calculate the remainder when 128 is divided by g(15).
60
Suppose -3324*j + 27 = -3321*j. What is the remainder when 13 is divided by j?
4
Suppose -4*d + 460 = 4*p, -5*p + d + 568 = -d. Let j = p - 70. Let b = j + -33. Calculate the remainder when b is divided by 6.
5
Let c = -19675 + 20203. What is the remainder when c is divided by 266?
262
Let x(q) = -4 - q**2 - 17*q - 9*q + 2*q - 6. What is the remainder when 49 is divided by x(-23)?
10
Let a = 171 + -124. Suppose -2*r = 5*b - 11 - 0, 3*b = 5*r - 74. Calculate the remainder when a is divided by r.
8
Suppose -19*c + 14*c + s + 338 = 0, 278 = 4*c + 3*s. What is the remainder when c is divided by 12?
8
Let i = 7551 + 8715. Calculate the remainder when i is divided by 98.
96
Let o(s) = -4*s**3 + 13*s**2 - 3*s + 5. Let v be o(3). Suppose 7*j - 5*j = v*d - 257, 0 = 3*d + 2*j - 167. Calculate the remainder when d is divided by 9.
8
Let g(w) = -w + 6. Let k be g(4). Let m(p) = 2*p**2 + 2*p - 3. Let c be m(k). Suppose 6*r + c - 105 = 0. What is the remainder when r is divided by 6?
4
Suppose 0 = -11*d - 76 - 177. Calculate the remainder when 32 is divided by -2 + (-123)/(-18) - d/138.
2
Let s = 42 + -39. Calculate the remainder when ((-21)/(-14))/((2/176)/1) is divided by s - -12 - (-2 + -2).
18
Suppose -4*g = -3*q - 2*q + 29, 4*q - 17 = -3*g. Suppose 26 = q*t - 34. What is the remainder when 187 is divided by t?
7
Suppose -4*o = -5*g + 504, -12*o = -14*o - 2. Calculate the remainder when 269 is divided by g.
69
Let p = 411 - 404. Suppose -9 + 23 = p*j. What is the remainder when 14 is divided by j?
0
Let k be (-40)/3*9/72*18. What is the remainder when 159 is divided by (k/9)/(-2*(-5)/(-30))?
9
Suppose c + 88 - 258 = -3*n, 12 = 3*n. What is the remainder when 797 is divided by c?
7
Let x be (-1)/(4/(-391 - 5)). Let u(q) = -q**3 - 10*q**2 - 8*q - 4. Let i be u(-7). Let s = x + i. Calculate the remainder when 9 is divided by s.
1
What is the remainder when 11 + (-13)/((-91)/4431) is divided by 55?
39
Suppose -u - 24 = 4*w, -2 - 12 = u + 2*w. Let s(k) = -6*k - 24. Let n be s(u). Suppose -6*g + n = -18. Calculate the remainder when 5 is divided by g.
2
Suppose -h - 4*y = -117, 2019*h + y - 120 = 2018*h. What is the remainder when h is divided by 17?
2
Suppose 272*r = 3*w + 277*r - 553, -5*w + 935 = 5*r. What is the remainder when w is divided by 20?
11
Suppose 3*u - 4 = -5*l, -3*u = 2*u + 4*l + 2. Let d be u/2*(-459)/(9/3). Suppose -22*n + d = -19*n. Calculate the remainder when n is divided by 28.
23
Let s be (2/2)/((-1)/(-7)). Let a(k) = -k**3 + 57*k**2 - 51*k - 301. Let j be a(56). Let v = s - j. What is the remainder when 55 is divided by v?
27
Let i be (352/24 - 10)/(2/(-6)). What is the remainder when (-17304)/(-147)*i/(-4) is divided by 5?
2
Let x(l) be the third derivative of -l**4/24 + 5*l**3 + 2*l**2. Let k = -470 + 486. What is the remainder when 41 is divided by x(k)?
13
Let x(w) = 6*w**3 + 211*w**2 + 52*w + 623. Suppose -4*g + 312 + 124 = 0. Calculate the remainder when g is divided by x(-35).
25
Let c = -11 - -6. Suppose 0 = 2*d - 68 + 12. Let p = d + c. Calculate the remainder when 135 is divided by p.
20
Let m = 29 + -11. Let f = -158 + 162. Suppose 220 = f*l - q - 3*q, 0 = l - 4*q - 64. Calculate the remainder when l is divided by m.
16
Let g = -46 - -77. Suppose -1795 = 9*k - 1867. What is the remainder when g is divided by k?
7
Suppose -29*x + 19*x = 1700. Let t = -150 - x. Calculate the remainder when t is divided by 8.
4
Let f = -4070 - -4123. What is the remainder when 840 is divided by f?
45
Let c(z) = z**3 + 9*z**2 + 39*z + 316. What is the remainder when 1087 is divided by c(-8)?
67
Calculate the remainder when 430 is divided by (-1376)/(-96)*6*7/14.
0
Suppose -2*w = -3*i + 31 - 67, -i = 2. Let z = 58 - 25. Calculate the remainder when z is divided by w.
3
Let a = 583 - 542. Calculate the remainder when 326 is divided by a.
39
Let v = 21 + -27. Let r = 52 - v. Let q = r + -43. Calculate the remainder when 102 is divided by q.
12
Let t(v) = 4*v**2 - 4. Suppose 4 = -2*q, 4*d + q + q = -204. What is the remainder when (3 - 56/(-8))/((-4)/d) is divided by t(3)?
29
Suppose 3*y - 1 = 4*y. Let s = y + 63. What is the remainder when s is divided by 17?
11
Suppose 3*k + 0*k - 3 = t, -2*t + 15 = k. Suppose 2*m + 2*r - 26 = t*r, r - 4 = -m. What is the remainder when 41 is divided by m?
6
What is the remainder when 11 + 184695/75 + (-9)/15 is divided by 191?
181
Let r(m) = 86*m + 664. Suppose -4*t + 16 = 2*g, -t = -4*g + 8*g - 60. What is the remainder when r(-7) is divided by g?
14
Let x(c) = 19*c - 2158. Calculate the remainder when 198 is divided by x(115).
9
Let s(b) = 137*b + 1559. Suppose -3*h + 376 = 5*h. What is the remainder when s(-9) is divided by h?
44
Let v(k) = 2*k**2 - 2*k - 4. Let y be v(9). Suppose -84 = -8*a + y. What is the remainder when 107 is divided by a?
23
Let o(u) = u**2 + 4*u + 9. Let h = -231 - -207. What is the remainder when o(-7) is divided by (16/3*1)/((-16)/h)?
6
Let o = 148 + -145. What is the remainder when 2326 is divided by o?
1
Suppose 8*u - 2336 = 144. What is the remainder when u is divided by 111?
88
Calculate the remainder when 16/(-3)*((-13851)/(-798))/((-6)/189) is divided by 25.
16
Suppose -19 = n + 2*v + 36, -3*v + 3 = 0. Let a = 44 - 92. Let o = a - n. What is the remainder when 42 is divided by o?
6
Let o = 245 - 239. Suppose 0 = o*i - 9 - 141. What is the remainder when i is divided by 8?
1
Suppose -2067*g + 2045*g + 4488 = 0. Calculate the remainder when g is divided by 54.
42
Suppose 301 = 16*h - 1347. Suppose -x + 156 = 5*x. Let b = 44 - x. Calculate the remainder when h is divided by b.
13
Suppose 5*z - 140 = -0*x + 4*x, 0 = 2*z - x - 56. Let i(o) = 2*o**2 - 36*o - 67. What is the remainder when i(z) is divided by 16?
13
Let a = -6784 - -6871. Calculate the remainder when 360 is divided by a.
12
Let p = -37 + 27. Let i be (-24)/(-20) - 8/p. Suppose -3*u = -12, -i*s + 78 = -0*u - 3*u. Calculate the remainder when s is divided by 12.
9
Suppose 212*y + 1457 = 232*y + 17. Calculate the remainder when 2159 is divided by y.
71
Let g = -12850 - -15887. What is the remainder when g is divided by 234?
229
Let m(z) = -z**2 + 81*z - 41. Suppose 0 = -3*u - 3*p + 915, 3*p - 305 + 4 = -u. Calculate the remainder when u is divided by m(80).
34
Let p be 1/(-2)*(-10 + 8). Let n be (p + 0/(-2) + -1)*1. Suppose -3*i - 2*b + 73 = n, 0 = 2*b - 5 + 1. Calculate the remainder when i is divided by 5.
3
Let a = 2098 - 1971. Let l be -2 + 3 + -87 + -1. Let h = l + a. Calculate the remainder when h is divided by 15.
10
Let s = -99 - -60. Let v = -31 